4781 is divided by 17.
3
Calculate the remainder when 10530 is divided by 3503.
21
Calculate the remainder when 14998 is divided by 150.
148
What is the remainder when 12867 is divided by 13?
10
Calculate the remainder when 21719 is divided by 4885.
2179
Calculate the remainder when 13306 is divided by 4336.
298
Calculate the remainder when 13178 is divided by 657.
38
Calculate the remainder when 77685 is divided by 2877.
6
What is the remainder when 2102 is divided by 104?
22
Calculate the remainder when 11177 is divided by 361.
347
What is the remainder when 197818 is divided by 17983?
5
Calculate the remainder when 1775 is divided by 1679.
96
Calculate the remainder when 1816 is divided by 886.
44
What is the remainder when 37003 is divided by 22?
21
What is the remainder when 1672 is divided by 244?
208
Calculate the remainder when 4826 is divided by 16.
10
What is the remainder when 828 is divided by 619?
209
What is the remainder when 927 is divided by 448?
31
What is the remainder when 15665 is divided by 373?
372
What is the remainder when 420 is divided by 11?
2
What is the remainder when 5193 is divided by 106?
105
Calculate the remainder when 104076 is divided by 27.
18
What is the remainder when 25266 is divided by 61?
12
Calculate the remainder when 11740 is divided by 5864.
12
Calculate the remainder when 66924 is divided by 94.
90
What is the remainder when 248849 is divided by 18?
17
What is the remainder when 20745 is divided by 273?
270
What is the remainder when 41472 is divided by 1095?
957
What is the remainder when 205936 is divided by 34?
32
What is the remainder when 18471 is divided by 6?
3
Calculate the remainder when 179554 is divided by 26.
24
What is the remainder when 59593 is divided by 818?
697
What is the remainder when 187623 is divided by 37517?
38
Calculate the remainder when 2945 is divided by 121.
41
Calculate the remainder when 831 is divided by 522.
309
Calculate the remainder when 856141 is divided by 73.
70
Calculate the remainder when 6388 is divided by 63.
25
What is the remainder when 589 is divided by 374?
215
Calculate the remainder when 3729 is divided by 1196.
141
What is the remainder when 2100 is divided by 350?
0
Calculate the remainder when 43793 is divided by 30.
23
What is the remainder when 89428 is divided by 45?
13
What is the remainder when 1323 is divided by 521?
281
What is the remainder when 738 is divided by 734?
4
Calculate the remainder when 248593 is divided by 69.
55
What is the remainder when 3641 is divided by 421?
273
Calculate the remainder when 109739 is divided by 372.
371
Calculate the remainder when 702 is divided by 68.
22
What is the remainder when 1257 is divided by 5?
2
What is the remainder when 1812 is divided by 65?
57
Calculate the remainder when 6794 is divided by 678.
14
Calculate the remainder when 153788 is divided by 65.
63
What is the remainder when 24592 is divided by 424?
0
What is the remainder when 53167 is divided by 8860?
7
Calculate the remainder when 10155 is divided by 350.
5
Calculate the remainder when 14090 is divided by 629.
252
Calculate the remainder when 3054 is divided by 307.
291
Calculate the remainder when 3502 is divided by 270.
262
What is the remainder when 470 is divided by 79?
75
What is the remainder when 7121 is divided by 5?
1
Calculate the remainder when 156858 is divided by 5.
3
Calculate the remainder when 10187 is divided by 47.
35
Calculate the remainder when 372859 is divided by 362.
361
What is the remainder when 23967 is divided by 4793?
2
What is the remainder when 75119 is divided by 114?
107
Calculate the remainder when 2275 is divided by 435.
100
Calculate the remainder when 310858 is divided by 113.
108
Calculate the remainder when 561760 is divided by 2.
0
What is the remainder when 2857364 is divided by 146?
144
Calculate the remainder when 20104 is divided by 284.
224
Calculate the remainder when 7799 is divided by 20.
19
Calculate the remainder when 332 is divided by 55.
2
Calculate the remainder when 213331 is divided by 71042.
205
Calculate the remainder when 13764 is divided by 4575.
39
What is the remainder when 3181 is divided by 27?
22
What is the remainder when 17588 is divided by 7785?
2018
Calculate the remainder when 35428 is divided by 44.
8
What is the remainder when 14887 is divided by 205?
127
What is the remainder when 1942 is divided by 245?
227
What is the remainder when 1842155 is divided by 20?
15
What is the remainder when 1294 is divided by 37?
36
Calculate the remainder when 4769 is divided by 202.
123
Calculate the remainder when 1390 is divided by 378.
256
Calculate the remainder when 63140 is divided by 21045.
5
What is the remainder when 917 is divided by 197?
129
What is the remainder when 16471 is divided by 2744?
7
Calculate the remainder when 395471 is divided by 13.
11
What is the remainder when 4787 is divided by 1512?
251
What is the remainder when 5155 is divided by 1151?
551
What is the remainder when 17952 is divided by 438?
432
Calculate the remainder when 3991 is divided by 1641.
709
What is the remainder when 52797 is divided by 130?
17
Calculate the remainder when 18689 is divided by 22.
11
Calculate the remainder when 1043 is divided by 20.
3
Calculate the remainder when 43365 is divided by 344.
21
Calculate the remainder when 23099 is divided by 24.
11
What is the remainder when 889857 is divided by 162?
153
What is the remainder when 98321 is divided by 5461?
23
What is the remainder when 12833 is divided by 936?
665
Calculate the remainder when 16747 is divided by 79.
78
Calculate the remainder when 6421 is divided by 69.
4
What is the remainder when 18845 is divided by 18503?
342
Calculate the remainder when 1544 is divided by 60.
44
What is the remainder when 9079 is divided by 169?
122
Calculate the remainder when 1219455 is divided by 12.
3
What is the remainder when 486547 is divided by 162182?
1
What is the remainder when 1775 is divided by 115?
50
Calculate the remainder when 266288 is divided by 36.
32
Calculate the remainder when 21814 is divided by 36.
34
What is the remainder when 522947 is divided by 299?
295
Calculate the remainder when 1140036 is divided by 72.
60
Calculate the remainder when 1276497 is divided by 300.
297
Calculate the remainder when 12807506 is divided by 983.
982
What is the remainder when 3407 is divided by 704?
591
Calculate the remainder when 92465 is divided by 460.
5
Calculate the remainder when 1041 is divided by 759.
282
Calculate the remainder when 118130 is divided by 58932.
266
What is the remainder when 481821 is divided by 69?
63
Calculate the remainder when 65820 is divided by 286.
40
Calculate the remainder when 1449117 is divided by 11.
10
Calculate the remainder when 146784 is divided by 73386.
12
Calculate the remainder when 11553 is divided by 1697.
1371
Calculate the remainder when 1371 is divided by 1334.
37
What is the remainder when 24941 is divided by 567?
560
Calculate the remainder when 3539 is divided by 53.
41
What is the remainder when 4247 is divided by 655?
317
Calculate the remainder when 53502 is divided by 22.
20
Calculate the remainder when 4047 is divided by 45.
42
What is the remainder when 236416 is divided by 5252?
76
Calculate the remainder when 100750 is divided by 338.
26
Calculate the remainder when 132959 is divided by 847.
827
What is the remainder when 854804 is divided by 10685?
4
What is the remainder when 98106 is divided by 37?
19
Calculate the remainder when 2141 is divided by 591.
368
Calculate the remainder when 77879 is divided by 1770.
1769
What is the remainder when 17363 is divided by 263?
5
What is the remainder when 3348 is divided by 154?
114
What is the remainder when 1561846 is divided by 53?
42
Calculate the remainder when 4914 is divided by 13.
0
What is the remainder when 263 is divided by 67?
62
What is the remainder when 2889 is divided by 378?
243
Calculate the remainder when 13104 is divided by 424.
384
Calculate the remainder when 4063 is divided by 48.
31
Calculate the remainder when 11077 is divided by 309.
262
What is the remainder when 20498 is divided by 788?
10
Calculate the remainder when 468661 is divided by 9.
4
Calculate the remainder when 1830 is divid